{"id":62,"date":"2019-10-07T14:32:38","date_gmt":"2019-10-07T12:32:38","guid":{"rendered":"https:\/\/tks2.no\/barnekonvensjonen\/?page_id=62"},"modified":"2019-11-19T12:40:59","modified_gmt":"2019-11-19T11:40:59","slug":"modul-5-snakke-med-barn-og-barnets-stemme","status":"publish","type":"page","link":"https:\/\/nettressurser.statped.no\/barnekonvensjonen\/index.php\/moduler\/modul-5-snakke-med-barn-og-barnets-stemme\/","title":{"rendered":"Modul 5 &#8211; \u00c5 snakke med barn"},"content":{"rendered":"\n<p class=\"ingress\">Denne modulen handler om \u00e5 snakke med barn. Det er ikke s\u00e5 enkelt som man skulle tro. I alle fall ikke n\u00e5r barnet selv skal f\u00e5 mene noe om sin egen situasjon og der vi \u00f8nsker at barnet skal fortelle hvordan de har det. Det er derfor viktig \u00e5 kunne noe om hvordan du skal gjennomf\u00f8re en slik samtale. <\/p>\n\n\n\n<p>Du f\u00e5r tips til hva du m\u00e5 ta hensyn til n\u00e5r du skal snakke med barn p\u00e5 ulike modnings- og aldersniv\u00e5, b\u00e5de n\u00e5r du planlegger samtalen og gjennomf\u00f8ringen av den. Tilbakemeldinger til barnet p\u00e5 hva det konkret har p\u00e5virket og medvirket til er ogs\u00e5 en viktig del av utredningen. <\/p>\n\n\n\n<p>I tillegg vil vi repetere hva Barnekonvensjonen sier om hvorfor du skal snakke med barn som et ledd i \u00e5 gj\u00f8re vurderinger av barnets beste.<\/p>\n\n\n\n<p>Lykke til med denne siste modulen. Vi h\u00e5per du har hatt utbytte av filmene og har f\u00e5tt et grunnlag for \u00e5 begynne \u00e5 arbeide med \u00e5 bruke Barnekonvensjonen til barn og unge med behov for s\u00e6rskilt tilrettelegging. <\/p>\n","protected":false},"excerpt":{"rendered":"<p>Denne modulen handler om \u00e5 snakke med barn. Det er ikke s\u00e5 enkelt som man skulle tro. I alle fall ikke n\u00e5r barnet selv skal f\u00e5 mene noe om sin egen situasjon og der vi \u00f8nsker at barnet skal fortelle hvordan de har det. Det er derfor viktig \u00e5 kunne noe om hvordan du skal &hellip; <a href=\"https:\/\/nettressurser.statped.no\/barnekonvensjonen\/index.php\/moduler\/modul-5-snakke-med-barn-og-barnets-stemme\/\" class=\"more-link\">Fortsett \u00e5 lese<span class=\"screen-reader-text\"> \u00abModul 5 &#8211; \u00c5 snakke med barn\u00bb<\/span><\/a><\/p>\n","protected":false},"author":2,"featured_media":0,"parent":18,"menu_order":0,"comment_status":"closed","ping_status":"closed","template":"","meta":{"footnotes":""},"_links":{"self":[{"href":"https:\/\/nettressurser.statped.no\/barnekonvensjonen\/index.php\/wp-json\/wp\/v2\/pages\/62"}],"collection":[{"href":"https:\/\/nettressurser.statped.no\/barnekonvensjonen\/index.php\/wp-json\/wp\/v2\/pages"}],"about":[{"href":"https:\/\/nettressurser.statped.no\/barnekonvensjonen\/index.php\/wp-json\/wp\/v2\/types\/page"}],"author":[{"embeddable":true,"href":"https:\/\/nettressurser.statped.no\/barnekonvensjonen\/index.php\/wp-json\/wp\/v2\/users\/2"}],"replies":[{"embeddable":true,"href":"https:\/\/nettressurser.statped.no\/barnekonvensjonen\/index.php\/wp-json\/wp\/v2\/comments?post=62"}],"version-history":[{"count":5,"href":"https:\/\/nettressurser.statped.no\/barnekonvensjonen\/index.php\/wp-json\/wp\/v2\/pages\/62\/revisions"}],"predecessor-version":[{"id":397,"href":"https:\/\/nettressurser.statped.no\/barnekonvensjonen\/index.php\/wp-json\/wp\/v2\/pages\/62\/revisions\/397"}],"up":[{"embeddable":true,"href":"https:\/\/nettressurser.statped.no\/barnekonvensjonen\/index.php\/wp-json\/wp\/v2\/pages\/18"}],"wp:attachment":[{"href":"https:\/\/nettressurser.statped.no\/barnekonvensjonen\/index.php\/wp-json\/wp\/v2\/media?parent=62"}],"curies":[{"name":"wp","href":"https:\/\/api.w.org\/{rel}","templated":true}]}}

Modul 5 &#8211; Å snakke med barn

<p class="ingress">Denne modulen handler om å snakke med barn. Det er ikke så enkelt som man skulle tro. I alle fall ikke når barnet selv skal få mene noe om sin egen situasjon og der vi ønsker at barnet skal fortelle hvordan de har det. Det er derfor viktig å kunne noe om hvordan du skal gjennomføre en slik samtale. </p>



<p>Du får tips til hva du må ta hensyn til når du skal snakke med barn på ulike modnings- og aldersnivå, både når du planlegger samtalen og gjennomføringen av den. Tilbakemeldinger til barnet på hva det konkret har påvirket og medvirket til er også en viktig del av utredningen. </p>



<p>I tillegg vil vi repetere hva Barnekonvensjonen sier om hvorfor du skal snakke med barn som et ledd i å gjøre vurderinger av barnets beste.</p>



<p>Lykke til med denne siste modulen. Vi håper du har hatt utbytte av filmene og har fått et grunnlag for å begynne å arbeide med å bruke Barnekonvensjonen til barn og unge med behov for særskilt tilrettelegging. </p>

<p>Denne modulen handler om å snakke med barn. Det er ikke så enkelt som man skulle tro. I alle fall ikke når barnet selv skal få mene noe om sin egen situasjon og der vi ønsker at barnet skal fortelle hvordan de har det. Det er derfor viktig å kunne noe om hvordan du skal &hellip; <a href="https://nettressurser.statped.no/barnekonvensjonen/index.php/moduler/modul-5-snakke-med-barn-og-barnets-stemme/" class="more-link">Fortsett å lese<span class="screen-reader-text"> «Modul 5 &#8211; Å snakke med barn»</span></a></p>
