{"id":28,"date":"2019-10-07T12:38:07","date_gmt":"2019-10-07T10:38:07","guid":{"rendered":"https:\/\/tks2.no\/barnekonvensjonen\/?page_id=28"},"modified":"2020-12-11T08:34:16","modified_gmt":"2020-12-11T07:34:16","slug":"modul1-inkludering-anerkjennelse-og-medbestemmelse","status":"publish","type":"page","link":"https:\/\/nettressurser.statped.no\/barnekonvensjonen\/index.php\/moduler\/modul1-inkludering-anerkjennelse-og-medbestemmelse\/","title":{"rendered":"Modul 1 &#8211; Inkludering, anerkjennelse og medbestemmelse"},"content":{"rendered":"\n<p class=\"ingress\">I modul 1 skal vi snakke om viktige prinsipper for \u00e5 f\u00e5 realisert Barnekonvensjonen og konvensjonen om mennesker med nedsatt funksjonsevne (CRPD) i et inkluderende perspektiv. Det er disse to konvensjonene som danner utgangspunktet for denne nettressursen. <\/p>\n\n\n\n<p>I denne modulen blir det snakket om generelle prinsipper om medbestemmelse og funksjonshemming, dette danner grunnlaget for \u00e5 arbeide videre med Barnekonvensjonen og CRPD.<\/p>\n\n\n\n<p>Retten til \u00e5 bli h\u00f8rt og medvirke g\u00e5r foran norsk lov n\u00e5r vi snakker om disse konvensjonene. Vi skal snakke om hvorfor det er viktig at barn skal v\u00e6re med \u00e5 bestemme i saker som gjelder dem og hvordan milj\u00f8et p\u00e5 en skole kan bidra til at eleven i noen sammenhenger forblir funksjonshemmet fremfor \u00e5 bidra til mestring.<\/p>\n\n\n\n<p>M\u00e5let etter \u00e5 ha v\u00e6rt gjennom denne modulen er at du skal f\u00e5 kunnskap om hvordan samfunnet har utviklet seg n\u00e5r det gjelder \u00e5 inkludere barn i beslutninger som ang\u00e5r dem.<\/p>\n\n\n\n<p>Vi gir deg ogs\u00e5 refleksjonsoppgaver\/sp\u00f8rsm\u00e5l knyttet til innholdet og vi anbefaler at du jobber med dem sammen med en kollega eller andre som tar denne nettressursen. <\/p>\n\n\n\n<p>I denne modulen m\u00f8ter du ogs\u00e5 Oscar p\u00e5 14 \u00e5r, som er programlederen gjennom alle fem modulene. Han er en st\u00f8dig fyr som representerer gruppen du jobber med \u2013 barna! <\/p>\n","protected":false},"excerpt":{"rendered":"<p>I modul 1 skal vi snakke om viktige prinsipper for \u00e5 f\u00e5 realisert Barnekonvensjonen og konvensjonen om mennesker med nedsatt funksjonsevne (CRPD) i et inkluderende perspektiv. Det er disse to konvensjonene som danner utgangspunktet for denne nettressursen. I denne modulen blir det snakket om generelle prinsipper om medbestemmelse og funksjonshemming, dette danner grunnlaget for \u00e5 &hellip; <a href=\"https:\/\/nettressurser.statped.no\/barnekonvensjonen\/index.php\/moduler\/modul1-inkludering-anerkjennelse-og-medbestemmelse\/\" class=\"more-link\">Fortsett \u00e5 lese<span class=\"screen-reader-text\"> \u00abModul 1 &#8211; Inkludering, anerkjennelse og medbestemmelse\u00bb<\/span><\/a><\/p>\n","protected":false},"author":2,"featured_media":0,"parent":18,"menu_order":0,"comment_status":"closed","ping_status":"closed","template":"","meta":{"footnotes":""},"_links":{"self":[{"href":"https:\/\/nettressurser.statped.no\/barnekonvensjonen\/index.php\/wp-json\/wp\/v2\/pages\/28"}],"collection":[{"href":"https:\/\/nettressurser.statped.no\/barnekonvensjonen\/index.php\/wp-json\/wp\/v2\/pages"}],"about":[{"href":"https:\/\/nettressurser.statped.no\/barnekonvensjonen\/index.php\/wp-json\/wp\/v2\/types\/page"}],"author":[{"embeddable":true,"href":"https:\/\/nettressurser.statped.no\/barnekonvensjonen\/index.php\/wp-json\/wp\/v2\/users\/2"}],"replies":[{"embeddable":true,"href":"https:\/\/nettressurser.statped.no\/barnekonvensjonen\/index.php\/wp-json\/wp\/v2\/comments?post=28"}],"version-history":[{"count":5,"href":"https:\/\/nettressurser.statped.no\/barnekonvensjonen\/index.php\/wp-json\/wp\/v2\/pages\/28\/revisions"}],"predecessor-version":[{"id":518,"href":"https:\/\/nettressurser.statped.no\/barnekonvensjonen\/index.php\/wp-json\/wp\/v2\/pages\/28\/revisions\/518"}],"up":[{"embeddable":true,"href":"https:\/\/nettressurser.statped.no\/barnekonvensjonen\/index.php\/wp-json\/wp\/v2\/pages\/18"}],"wp:attachment":[{"href":"https:\/\/nettressurser.statped.no\/barnekonvensjonen\/index.php\/wp-json\/wp\/v2\/media?parent=28"}],"curies":[{"name":"wp","href":"https:\/\/api.w.org\/{rel}","templated":true}]}}

<p class="ingress">I modul 1 skal vi snakke om viktige prinsipper for å få realisert Barnekonvensjonen og konvensjonen om mennesker med nedsatt funksjonsevne (CRPD) i et inkluderende perspektiv. Det er disse to konvensjonene som danner utgangspunktet for denne nettressursen. </p>



<p>I denne modulen blir det snakket om generelle prinsipper om medbestemmelse og funksjonshemming, dette danner grunnlaget for å arbeide videre med Barnekonvensjonen og CRPD.</p>



<p>Retten til å bli hørt og medvirke går foran norsk lov når vi snakker om disse konvensjonene. Vi skal snakke om hvorfor det er viktig at barn skal være med å bestemme i saker som gjelder dem og hvordan miljøet på en skole kan bidra til at eleven i noen sammenhenger forblir funksjonshemmet fremfor å bidra til mestring.</p>



<p>Målet etter å ha vært gjennom denne modulen er at du skal få kunnskap om hvordan samfunnet har utviklet seg når det gjelder å inkludere barn i beslutninger som angår dem.</p>



<p>Vi gir deg også refleksjonsoppgaver/spørsmål knyttet til innholdet og vi anbefaler at du jobber med dem sammen med en kollega eller andre som tar denne nettressursen. </p>



<p>I denne modulen møter du også Oscar på 14 år, som er programlederen gjennom alle fem modulene. Han er en stødig fyr som representerer gruppen du jobber med – barna! </p>

<p>I modul 1 skal vi snakke om viktige prinsipper for å få realisert Barnekonvensjonen og konvensjonen om mennesker med nedsatt funksjonsevne (CRPD) i et inkluderende perspektiv. Det er disse to konvensjonene som danner utgangspunktet for denne nettressursen. I denne modulen blir det snakket om generelle prinsipper om medbestemmelse og funksjonshemming, dette danner grunnlaget for å &hellip; <a href="https://nettressurser.statped.no/barnekonvensjonen/index.php/moduler/modul1-inkludering-anerkjennelse-og-medbestemmelse/" class="more-link">Fortsett å lese<span class="screen-reader-text"> «Modul 1 &#8211; Inkludering, anerkjennelse og medbestemmelse»</span></a></p>
