{"id":22,"date":"2019-10-04T12:52:44","date_gmt":"2019-10-04T10:52:44","guid":{"rendered":"https:\/\/tks2.no\/barnekonvensjonen\/?page_id=22"},"modified":"2019-11-19T12:26:15","modified_gmt":"2019-11-19T11:26:15","slug":"hvorfor-denne-ressursen","status":"publish","type":"page","link":"https:\/\/nettressurser.statped.no\/barnekonvensjonen\/index.php\/hvorfor-denne-ressursen\/","title":{"rendered":"Hvorfor denne ressursen?"},"content":{"rendered":"\n<p class=\"ingress\"> Barn blir for lite h\u00f8rt! Stortingsmelding 6 (2019-2020), Tett p\u00e5- tidlig innsats og inkluderende felleskap i barnehage, skole og SFO, som ble lansert 8.11.2019, viser til av at elevenes og foreldrenes stemme i for liten grad blir h\u00f8rt. Den viser blant annet til elever som forteller til Barneombudet at de ikke medvirker til egen l\u00e6ring. Elevene opplever sjelden \u00e5 medvirke i valget om \u00e5 ha spesialundervisning eller n\u00e5r og hvordan undervisningen skal gjennomf\u00f8res. V\u00e5r erfaring er at det i liten grad blir foretatt barnets beste vurderinger. <\/p>\n\n\n\n<p>Modulene i denne nettressursen gir deg kunnskap og oppfordrer til refleksjon slik at du kan utvikle din kompetanse i arbeid med vurdering av barnets beste og barnets rett til \u00e5 f\u00e5 uttrykke sin mening. Etter gjennomf\u00f8ringen vil du ha innspill og verkt\u00f8y som du kan bruke i samtalen med barn, slik at de forteller deg hva de har utbytte av i sin tilrettelagte undervisning.<\/p>\n\n\n\n<p>Etter \u00e5 ha gjennomf\u00f8rt ressursen skal du ha \u00f8kt din kompetanse i hvordan du bruker Barnekonvensjonen artikkel 3 og 12 i samtalen med barn og unge: <\/p>\n\n\n\n<ul><ul class=\"liste\"><li>Det barnet forteller skal brukes i vurderinger<\/li><li>Det barnet sier skal skrives ned og kvalitetssikres slik at vi vet at vi har  <br>oppfattet riktig<\/li><li>Det barnet forteller skal brukes i begrunnelsen for hvorfor anbefalingene og vedtakene er slik de besluttes <\/li><li>Barnet skal f\u00e5 tilbakemelding p\u00e5 hva det konkret har p\u00e5virket\/medvirket til i sin egen sak<\/li><\/ul>\n\n\n\n<p>I tillegg til Barnekonvensjonen er ogs\u00e5 FN-konvensjonen om rettighetene til mennesker med nedsatt funksjonsevne viktig.<\/p>\n\n\n\n<p>Nettressursen passer for alle som jobber med barn og unge.<\/p>\n","protected":false},"excerpt":{"rendered":"<p>Barn blir for lite h\u00f8rt! Stortingsmelding 6 (2019-2020), Tett p\u00e5- tidlig innsats og inkluderende felleskap i barnehage, skole og SFO, som ble lansert 8.11.2019, viser til av at elevenes og foreldrenes stemme i for liten grad blir h\u00f8rt. Den viser blant annet til elever som forteller til Barneombudet at de ikke medvirker til egen l\u00e6ring. &hellip; <a href=\"https:\/\/nettressurser.statped.no\/barnekonvensjonen\/index.php\/hvorfor-denne-ressursen\/\" class=\"more-link\">Fortsett \u00e5 lese<span class=\"screen-reader-text\"> \u00abHvorfor denne ressursen?\u00bb<\/span><\/a><\/p>\n","protected":false},"author":2,"featured_media":0,"parent":0,"menu_order":0,"comment_status":"closed","ping_status":"closed","template":"","meta":{"footnotes":""},"_links":{"self":[{"href":"https:\/\/nettressurser.statped.no\/barnekonvensjonen\/index.php\/wp-json\/wp\/v2\/pages\/22"}],"collection":[{"href":"https:\/\/nettressurser.statped.no\/barnekonvensjonen\/index.php\/wp-json\/wp\/v2\/pages"}],"about":[{"href":"https:\/\/nettressurser.statped.no\/barnekonvensjonen\/index.php\/wp-json\/wp\/v2\/types\/page"}],"author":[{"embeddable":true,"href":"https:\/\/nettressurser.statped.no\/barnekonvensjonen\/index.php\/wp-json\/wp\/v2\/users\/2"}],"replies":[{"embeddable":true,"href":"https:\/\/nettressurser.statped.no\/barnekonvensjonen\/index.php\/wp-json\/wp\/v2\/comments?post=22"}],"version-history":[{"count":9,"href":"https:\/\/nettressurser.statped.no\/barnekonvensjonen\/index.php\/wp-json\/wp\/v2\/pages\/22\/revisions"}],"predecessor-version":[{"id":390,"href":"https:\/\/nettressurser.statped.no\/barnekonvensjonen\/index.php\/wp-json\/wp\/v2\/pages\/22\/revisions\/390"}],"wp:attachment":[{"href":"https:\/\/nettressurser.statped.no\/barnekonvensjonen\/index.php\/wp-json\/wp\/v2\/media?parent=22"}],"curies":[{"name":"wp","href":"https:\/\/api.w.org\/{rel}","templated":true}]}}

<p class="ingress"> Barn blir for lite hørt! Stortingsmelding 6 (2019-2020), Tett på- tidlig innsats og inkluderende felleskap i barnehage, skole og SFO, som ble lansert 8.11.2019, viser til av at elevenes og foreldrenes stemme i for liten grad blir hørt. Den viser blant annet til elever som forteller til Barneombudet at de ikke medvirker til egen læring. Elevene opplever sjelden å medvirke i valget om å ha spesialundervisning eller når og hvordan undervisningen skal gjennomføres. Vår erfaring er at det i liten grad blir foretatt barnets beste vurderinger. </p>



<p>Modulene i denne nettressursen gir deg kunnskap og oppfordrer til refleksjon slik at du kan utvikle din kompetanse i arbeid med vurdering av barnets beste og barnets rett til å få uttrykke sin mening. Etter gjennomføringen vil du ha innspill og verktøy som du kan bruke i samtalen med barn, slik at de forteller deg hva de har utbytte av i sin tilrettelagte undervisning.</p>



<p>Etter å ha gjennomført ressursen skal du ha økt din kompetanse i hvordan du bruker Barnekonvensjonen artikkel 3 og 12 i samtalen med barn og unge: </p>



<ul><ul class="liste"><li>Det barnet forteller skal brukes i vurderinger</li><li>Det barnet sier skal skrives ned og kvalitetssikres slik at vi vet at vi har  <br>oppfattet riktig</li><li>Det barnet forteller skal brukes i begrunnelsen for hvorfor anbefalingene og vedtakene er slik de besluttes </li><li>Barnet skal få tilbakemelding på hva det konkret har påvirket/medvirket til i sin egen sak</li></ul>



<p>I tillegg til Barnekonvensjonen er også FN-konvensjonen om rettighetene til mennesker med nedsatt funksjonsevne viktig.</p>



<p>Nettressursen passer for alle som jobber med barn og unge.</p>

<p>Barn blir for lite hørt! Stortingsmelding 6 (2019-2020), Tett på- tidlig innsats og inkluderende felleskap i barnehage, skole og SFO, som ble lansert 8.11.2019, viser til av at elevenes og foreldrenes stemme i for liten grad blir hørt. Den viser blant annet til elever som forteller til Barneombudet at de ikke medvirker til egen læring. &hellip; <a href="https://nettressurser.statped.no/barnekonvensjonen/index.php/hvorfor-denne-ressursen/" class="more-link">Fortsett å lese<span class="screen-reader-text"> «Hvorfor denne ressursen?»</span></a></p>
