{"id":161,"date":"2019-10-29T19:44:29","date_gmt":"2019-10-29T18:44:29","guid":{"rendered":"https:\/\/tks2.no\/barnekonvensjonen\/?page_id=161"},"modified":"2019-11-19T14:52:44","modified_gmt":"2019-11-19T13:52:44","slug":"fordypning-modul-4","status":"publish","type":"page","link":"https:\/\/nettressurser.statped.no\/barnekonvensjonen\/index.php\/moduler\/modul-4-artikkel-12-og-barns-medvirkning-i-arbeidet-med-inkludering\/fordypning-modul-4\/","title":{"rendered":"Fordypning Modul 4"},"content":{"rendered":"\n<p class=\"ingress\">Resym\u00e9:<br><strong><em>Artikkel 12 i barnekonvensjonen sier at barn har rett til \u00e5 bli h\u00f8rt i saker som ang\u00e5r dem, og de kan med loven i h\u00e5nda si at deres stemme skal bli h\u00f8rt.&nbsp;<\/em><\/strong><\/p>\n\n\n\n<p>Velg den videoforelesingen som dere vil jobbe med.<\/p>\n\n\n\n<p>Tidsforbruk: \n<\/p>\n\n\n\n<ul class=\"liste\"><li>Beregn minimum to timer p\u00e5 arbeidsoppgaver knyttet til hver forelesning. <\/li><\/ul>\n\n\n\n<p>Arbeidsmetoder: \n<\/p>\n\n\n\n<ul class=\"liste\"><li>Det anbefales \u00e5 arbeide i grupper <\/li><li>Bruk gjerne refleksjonsnotater og del dem med hverandre <\/li><li>Dersom det er n\u00f8dvendig \u00e5 prioritere, anbefales det \u00e5 arbeide grundig med noen sp\u00f8rsm\u00e5l, i stedet for \u00e5 rekke over alle <\/li><\/ul>\n\n\n\n<h2 class=\"wp-block-heading\">Refleksjonsoppgaver:<\/h2>\n\n\n\n<p>Ressurser er i menyen til h\u00f8yre p\u00e5 siden<\/p>\n\n\n\n<hr class=\"wp-block-separator\"\/>\n\n\n\n<p><h3>Se Hadi Str\u00f8mmen Liles forelesing Artikkel 12 i barnekonvensjon- retten til \u00e5 bli h\u00f8rt, Ungdomsr\u00e5det i Statpeds refleksjoner om hva det betyr for dem \u00e5 bli h\u00f8rt, Frosta barnehage, samtale med barnehagebarn og videoen om Sofie: <\/h3><ol class=\"liste\"> <li>Etter \u00e5 ha h\u00f8rt Hadi Str\u00f8mmen Liles forelesing, hva mener dere Barnekonvensjones artikkel 12, inneb\u00e6rer i praksis?  <\/li><li>Hvordan ivaretar dere barns rett til \u00e5 bli h\u00f8rt p\u00e5 din arbeidsplass? <\/li><li> Hvordan barnets stemme kan bli tydeligere i plandokumentene p\u00e5 egen arbeidsplass. Beskriv dette. <\/li><li>Hvordan kan et barns stemme og andre barns stemmer (barn som gruppe, eller representanter for barna) v\u00e6re i konflikt med hverandre i ulike situasjoner? Finn eksempler fra egen praksis <\/li><\/ol>\n","protected":false},"excerpt":{"rendered":"<p>Resym\u00e9:Artikkel 12 i barnekonvensjonen sier at barn har rett til \u00e5 bli h\u00f8rt i saker som ang\u00e5r dem, og de kan med loven i h\u00e5nda si at deres stemme skal bli h\u00f8rt.&nbsp; Velg den videoforelesingen som dere vil jobbe med. Tidsforbruk: Beregn minimum to timer p\u00e5 arbeidsoppgaver knyttet til hver forelesning. Arbeidsmetoder: Det anbefales \u00e5 &hellip; <a href=\"https:\/\/nettressurser.statped.no\/barnekonvensjonen\/index.php\/moduler\/modul-4-artikkel-12-og-barns-medvirkning-i-arbeidet-med-inkludering\/fordypning-modul-4\/\" class=\"more-link\">Fortsett \u00e5 lese<span class=\"screen-reader-text\"> \u00abFordypning Modul 4\u00bb<\/span><\/a><\/p>\n","protected":false},"author":2,"featured_media":0,"parent":57,"menu_order":0,"comment_status":"closed","ping_status":"closed","template":"","meta":{"footnotes":""},"_links":{"self":[{"href":"https:\/\/nettressurser.statped.no\/barnekonvensjonen\/index.php\/wp-json\/wp\/v2\/pages\/161"}],"collection":[{"href":"https:\/\/nettressurser.statped.no\/barnekonvensjonen\/index.php\/wp-json\/wp\/v2\/pages"}],"about":[{"href":"https:\/\/nettressurser.statped.no\/barnekonvensjonen\/index.php\/wp-json\/wp\/v2\/types\/page"}],"author":[{"embeddable":true,"href":"https:\/\/nettressurser.statped.no\/barnekonvensjonen\/index.php\/wp-json\/wp\/v2\/users\/2"}],"replies":[{"embeddable":true,"href":"https:\/\/nettressurser.statped.no\/barnekonvensjonen\/index.php\/wp-json\/wp\/v2\/comments?post=161"}],"version-history":[{"count":10,"href":"https:\/\/nettressurser.statped.no\/barnekonvensjonen\/index.php\/wp-json\/wp\/v2\/pages\/161\/revisions"}],"predecessor-version":[{"id":453,"href":"https:\/\/nettressurser.statped.no\/barnekonvensjonen\/index.php\/wp-json\/wp\/v2\/pages\/161\/revisions\/453"}],"up":[{"embeddable":true,"href":"https:\/\/nettressurser.statped.no\/barnekonvensjonen\/index.php\/wp-json\/wp\/v2\/pages\/57"}],"wp:attachment":[{"href":"https:\/\/nettressurser.statped.no\/barnekonvensjonen\/index.php\/wp-json\/wp\/v2\/media?parent=161"}],"curies":[{"name":"wp","href":"https:\/\/api.w.org\/{rel}","templated":true}]}}